 103411 - -65?
103506
In base 11, what is 156 - 9?
148
In base 9, what is 70585 - 2?
70583
In base 8, what is -171 - -550?
357
In base 9, what is 50061 - -5?
50066
In base 10, what is 4756 + -150?
4606
In base 11, what is 325 - 34?
2a1
In base 11, what is 9 + -1aa7a?
-1aa71
In base 10, what is -7 - 5565?
-5572
In base 10, what is -880 + 15?
-865
In base 15, what is -1ae - e5?
-2a4
In base 7, what is 105 - 341?
-233
In base 4, what is -1121 + -113132?
-120313
In base 10, what is 0 + 222467?
222467
In base 14, what is -5 + -2c65b?
-2c662
In base 5, what is -14402313 + 1?
-14402312
In base 16, what is 1c9ae - -5?
1c9b3
In base 4, what is -320012 + -201303?
-1121321
In base 5, what is 114442003 + 3?
114442011
In base 4, what is -132201323230 + 2?
-132201323222
In base 5, what is 212113 - 242?
211321
In base 13, what is 69 + -2?
67
In base 2, what is 100 - 101011001101101000?
-101011001101100100
In base 8, what is -17541 - 24?
-17565
In base 2, what is 1010111001110010000110 + -1?
1010111001110010000101
In base 12, what is -200 + 5615?
5415
In base 4, what is -2210 - -1220?
-330
In base 10, what is -1 - 40310?
-40311
In base 8, what is 27707 - 3?
27704
In base 9, what is -43 + -8238?
-8282
In base 14, what is 72d9 - 7?
72d2
In base 2, what is -11000 + -1100000000101?
-1100000011101
In base 6, what is -41 - -3515?
3434
In base 11, what is -917 - -20?
-8a7
In base 13, what is 181 - -263?
414
In base 9, what is 730245 + -10?
730235
In base 5, what is -3300 - -1010?
-2240
In base 6, what is -2 - 211042?
-211044
In base 5, what is -10 - -312201?
312141
In base 13, what is 182 + -c94?
-b12
In base 16, what is -5 + -1a5f?
-1a64
In base 15, what is 4b5 - -41?
506
In base 15, what is -5 - 4da4?
-4da9
In base 12, what is -35 - 3599?
-3612
In base 9, what is 26546 + 202?
26748
In base 7, what is -1122 - 513?
-1635
In base 16, what is 20072 + 25?
20097
In base 4, what is 1 - -2033213?
2033220
In base 7, what is -422240 + 10?
-422230
In base 10, what is 22009 + 128?
22137
In base 9, what is 10228 - 25?
10203
In base 9, what is 21 + -12885?
-12864
In base 3, what is 212 + -12111221?
-12111002
In base 10, what is -8 - 15845?
-15853
In base 8, what is -3622 + 632?
-2770
In base 15, what is -54ecd + 4?
-54ec9
In base 5, what is 100 - 12030?
-11430
In base 16, what is 2b4 - 10?
2a4
In base 3, what is 0 + -2112222?
-2112222
In base 8, what is 666 + 5154?
6042
In base 10, what is -9002 + -2?
-9004
In base 12, what is -13bb + -11?
-1410
In base 2, what is -1001011000101110000 + 101?
-1001011000101101011
In base 5, what is -43 + 11034434?
11034341
In base 12, what is -1a662 - a?
-1a670
In base 11, what is -2 - 2690?
-2692
In base 14, what is -b - 7ddd1?
-7dddc
In base 9, what is -30445 + -5?
-30451
In base 6, what is -2203 + -355?
-3002
In base 7, what is -342136 - 1?
-342140
In base 2, what is -1001110100100101 - 100?
-1001110100101001
In base 11, what is 4 + -11a48?
-11a44
In base 10, what is -7011 + 2?
-7009
In base 3, what is 2112 - 2102112?
-2100000
In base 14, what is 7 + 59116?
5911d
In base 9, what is 175205 - -2?
175207
In base 4, what is -1033023 + 11221?
-1021202
In base 16, what is -13 - 71b3?
-71c6
In base 12, what is 5 + -287a9?
-287a4
In base 5, what is 42 - 30303?
-30211
In base 7, what is -4 - 3313?
-3320
In base 4, what is 12320112101 + 10?
12320112111
In base 15, what is -30c - 957?
-c64
In base 5, what is 23421021 - -22?
23421043
In base 7, what is 126435 + 24?
126462
In base 8, what is -17533 + 37?
-17474
In base 15, what is 3 - -21c0?
21c3
In base 4, what is 110 - -31301?
32011
In base 3, what is 100102101 + -10010?
100022021
In base 16, what is -4 + 1b826?
1b822
In base 2, what is -10100010011011101 - 10?
-10100010011011111
In base 4, what is -232 + 23202112?
23201220
In base 10, what is 175328 + -3?
175325
In base 16, what is 64 - -19e6?
1a4a
In base 12, what is 8183 - 0?
8183
In base 5, what is -130130343 - 11?
-130130404
In base 10, what is 154 - 3711?
-3557
In base 11, what is 30a15 - -4?
30a19
In base 9, what is -25 + -3504?
-3530
In base 9, what is -10354325 + 5?
-10354320
In base 8, what is 22 - -416351?
416373
In base 3, what is 111 + 2112102?
2112220
In base 7, what is 10 + -104423?
-104413
In base 13, what is 17 + 2ac2?
2b09
In base 12, what is 17 - 408?
-3b1
In base 13, what is 76233 - -8?
7623b
In base 8, what is -110 - -1611?
1501
In base 7, what is 314 - -412?
1026
In base 10, what is 24392 - -14?
24406
In base 10, what is -714 - 155?
-869
In base 16, what is -bcb41 - -1?
-bcb40
In base 15, what is -b - 1cba?
-1cc6
In base 4, what is 122332310 - -3?
122332313
In base 15, what is -2 + 144d5?
144d3
In base 4, what is -1 + 1302231321?
1302231320
In base 9, what is 5 - -133868?
133874
In base 15, what is 16db96 - 3?
16db93
In base 12, what is 108553 - -13?
108566
In base 4, what is -1312022 + 221?
-1311201
In base 6, what is 2005 - 2033?
-24
In base 14, what is -d63 + -28?
-d8b
In base 7, what is 63 + 33414?
33510
In base 12, what is -47251 - -2?
-4724b
In base 2, what is 10011101010 - 111?
10011100011
In base 4, what is -1031300 + -10?
-1031310
In base 5, what is 130433 + 202?
131140
In base 3, what is 1201 - 221110?
-212202
In base 7, what is 1 - -1200266?
1200300
In base 13, what is -c32 + 16?
-c19
In base 9, what is 4 + -10027?
-10023
In base 9, what is -11 + -5332?
-5343
In base 16, what is 63 - e1?
-7e
In base 4, what is 332 - 30103?
-23111
In base 5, what is -2 + -1423103?
-1423110
In base 16, what is 21 - a0?
-7f
In base 3, what is 102121 + 112111?
222002
In base 15, what is -58 - -6d?
15
In base 2, what is -1 + 10000011001011111101?
10000011001011111100
In base 12, what is -38306 - 4?
-3830a
In base 3, what is -1010200 - -111001?
-122122
In base 4, what is -12 + 1232102?
1232030
In base 2, what is -11000000010 + 10001?
-10111110001
In base 4, what is 122312 - 313?
121333
In base 10, what is 97 - -189?
286
In base 9, what is -51 - -18682?
18631
In base 6, what is -1120524 + 5?
-1120515
In base 4, what is -3313100 + 213?
-3312221
In base 3, what is -122210 - 20011?
-212221
In base 16, what is -f404 + -33?
-f437
In base 13, what is -82322 + -1?
-82323
In base 10, what is -142729 + -5?
-142734
In base 9, what is 1 - -38237?
38238
In base 9, what is 70 - -705?
775
In base 10, what is 7750 - -39?
7789
In base 8, what is -723 + -3160?
-4103
In base 2, what is 11100100011 - -110110?
11101011001
In base 5, what is 4423002124 + -2?
4423002122
In base 6, what is -4412 - -1404?
-3004
In base 5, what is 1 + 344232?
344233
In base 13, what is 130c45 + 1?
130c46
In base 12, what is 38b7 - -21?
3918
In base 16, what is -4 - 17197?
-1719b
In base 2, what is 10 + 100011011010011?
100011011010101
In base 16, what is -44b8ba - -2?
-44b8b8
In base 8, what is -5 - -134764?
134757
In base 2, what is 1000011110100110 + -1011?
1000011110011011
In base 15, what is -1214 + -7?
-121b
In base 15, what is -2a728 - -3?
-2a725
In base 5, what is -142 + -44401?
-100043
In base 6, what is -132 - 20332?
-20504
In base 13, what is 5 + -2b98?
-2b93
In base 9, what is 268376 + 1?
268377
In base 4, what is 11203 - 10033?
1110
In base 6, what is -243 + -115445?
-120132
In base 16, what is 2 + a6a?
a6c
In base 12, what is 31874 - 3?
31871
In base 5, what is 1200 + 2200?
3400
In base 4, what is 111230 - 21211?
30013
In base 12, what is -126365 - 2?
-126367
In base 7, what is 205414 + -5?
205406
In base 5, what is 120 - 144140?
-144020
In base 8, what is -1 - 3132?
-3133
In base 13, what is a2c - -30b?
103a
In base 7, what is 14 - 36160?
-36143
In base 8, what is 714427 + 2?
714431
In base 12, what is 152b - 2?
1529
In base 11, what is -4 + 13818?
13814
In base 7, what is 13565 - 23?
13542
In base 6, what is -1443002 - 3?
-1443005
In base 9, what is -300013 + -1?
-300014
In base 16, what is f7e3 - 3?
f7e0
In base 6, what is -233 - -11?
-222
In base 14, what is 8b35 - -5?
8b3a
In base 13, what is -7 - 222a0?
-222a7
In base 14, what is 8 - 55a07?
-559dd
In base 2, what is -10110100001110 - 100?
-10110100010010
In base 15, what is -16 - 31518?
-3152e
In base 4, what is 1030 - -1213110?
1220200
In base 16, what is -1bfa - -e?
-1bec
In base 10, what is -3 - -17337?
17334
In base 10, what is 1577 - -44?
1621
In base 11, what is -768 - -3?
-765
In base 6, what is -2125203 